remainder when b is divided by 16?
14
Let k = 754 + -689. What is the remainder when k is divided by 35?
30
Let w(f) = -2*f - 28. Suppose 1 = -c + 3. Calculate the remainder when w(-15) is divided by c.
0
Let u = 27 + -14. Suppose 75 = -2*b + 11. Let m = -9 - b. What is the remainder when m is divided by u?
10
Suppose 0 = 3*h - 3*m - 15, 22 = -2*h + 4*h - 5*m. Let f(r) = 22*r - 2. What is the remainder when 36 is divided by f(h)?
16
What is the remainder when 188 is divided by 12/(2/(-4) + 2)?
4
Let c(s) = 3*s + 54. Let x = 53 + -41. Let u(v) = -v**3 + v + 23. Calculate the remainder when c(x) is divided by u(0).
21
Suppose -2*x + 4 = -0*x. Calculate the remainder when 62 is divided by 24 + (-1)/x*4.
18
Suppose 28 = 6*c + c. Calculate the remainder when ((-9)/(-6))/((-2)/(-24)) is divided by c.
2
Let m(u) = -13*u + 58. What is the remainder when m(-3) is divided by 20?
17
Suppose -3*n + 2*m = -16 - 116, 123 = 3*n - 5*m. Calculate the remainder when 137 is divided by n.
45
Suppose -6*x = -7*x + 17. Let u(b) = -b**3 + 17*b**2 + b - 11. What is the remainder when 40 is divided by u(x)?
4
Calculate the remainder when 65 is divided by 1*((-46)/(-4) + (-29)/58).
10
Suppose 23*a = 1277 - 104. Calculate the remainder when a is divided by 13.
12
Let r = -119 - -120. Let j(m) = m**3 - 7*m**2 + 8*m - 6. What is the remainder when j(6) is divided by (310/40 - r/(-4)) + -4?
2
Let s = -3 - -12. Suppose 2*b = 2*w + 130, 4*w + 4 + 16 = 0. Calculate the remainder when b is divided by s.
6
Suppose 44 = 29*m - 27*m. What is the remainder when 327 is divided by m?
19
Suppose -23*z - 1254 = -45*z. Calculate the remainder when z is divided by 37.
20
Let v be 64/24*3/4. Suppose 4*j = -3*p + 4*p + 9, -v*j = 5*p - 65. What is the remainder when p is divided by 3?
2
Let l = 190 - 78. Suppose 284 = 2*f + l. Calculate the remainder when f is divided by 29.
28
Let q(x) = -24*x + 155. What is the remainder when 243 is divided by q(5)?
33
Let i(b) = 7*b**3 + 3*b**2 - b + 1. Suppose 4*q - x - 38 = -3*x, 0 = -4*x + 20. Let r = 30 - q. What is the remainder when i(2) is divided by r?
21
Suppose 0 = 4*w - 9*w. Suppose w = -4*c, -t + 2*c - 150 = -4*t. Let g(l) = 8*l**2 + 24*l + 13. What is the remainder when t is divided by g(-3)?
11
Suppose 2 = -2*c - 2. Let y be (10/(-4) + 0)*c. Let f = y + 2. Calculate the remainder when f is divided by 3.
1
Calculate the remainder when (6/4)/((-495)/(-12210)) is divided by 2*(-1)/2 + 21.
17
Let r = 884 + -604. What is the remainder when r is divided by 19?
14
Let l = -26 - -47. Suppose 0 = -0*c - 4*c + 32. Calculate the remainder when l is divided by c.
5
Suppose -3*w + 206 = 167. Calculate the remainder when 97 is divided by w.
6
Suppose 0 = -21*w - 3*w + 2712. What is the remainder when w is divided by 19?
18
Let h = -67 - -48. Let a = -19 - h. What is the remainder when 22 is divided by 7 + (-2 - (-3 + a))?
6
Let y = 26 - 16. Let c = 4941 + -4938. What is the remainder when y is divided by c?
1
Let q(d) = -19*d - 1. Let b be q(-1). Suppose -16*u + b*u = 26. Calculate the remainder when u is divided by 4.
1
Let u = -25 - -71. Suppose 0 = -3*t + u + 32. Calculate the remainder when 49 is divided by t.
23
Let s = -1425 - -1544. What is the remainder when s is divided by 6/8 - (-228)/16?
14
Let a = 13 - 10. Suppose -a*s + 18 + 69 = 0. Calculate the remainder when s is divided by 16.
13
Suppose -24 = 4*d + 5*s - 88, 5*d = 2*s + 113. Calculate the remainder when 27 is divided by d.
6
Suppose -4*n - 4*l + 196 = -3*n, -5*l - 405 = -2*n. Suppose r - n = -9*r. What is the remainder when r is divided by 5?
0
Suppose -2*w + 2*u + 34 = 148, -45 = w - 5*u. Let m = -51 - w. What is the remainder when 53 is divided by m?
8
Suppose -5*g + 2*b = -b - 370, -3*b = -15. Let x = g - 47. Let j = x + -11. What is the remainder when j is divided by 7?
5
Let p(f) = 2*f**2 - 2*f - 1. Let d be p(-1). Suppose -5 = -d*x - 2*x. What is the remainder when 53*2*x/2 is divided by 18?
17
Let x = -1210 - -1223. Calculate the remainder when x is divided by 10.
3
Let f(v) = v**3 - 14*v**2 - 14*v + 15. Suppose -29 = -3*q + 4*n, 3*q - 4*n = 2*q + 7. Calculate the remainder when f(15) is divided by q.
8
Let j = -81 - -197. What is the remainder when (-1)/(0 + (-4)/j) is divided by 16?
13
Suppose 0 = -2*r + 38 + 4. What is the remainder when -1*(222/(-15))/((-4)/(-10)) is divided by r?
16
Suppose q + 0 = 3. Suppose 525 = -q*p + 8*p. Suppose 6*d - d = 180. Calculate the remainder when p is divided by d.
33
Suppose -d = -5*w + 72, -w + 3*d - 8 = -2*w. What is the remainder when w is divided by 3?
2
Let n = -1151 + 787. Let d = -182 - n. Calculate the remainder when d is divided by 46.
44
Let g be (15*-1)/(-5) - 0. Let n = 14 + -6. Suppose n*x - 275 = g*x. Calculate the remainder when x is divided by 14.
13
Let d = -277 + 346. What is the remainder when 197 is divided by d?
59
Suppose -3*r = -4*b - 3, -2*b + 4 = -0*b + 4*r. Suppose b = -8*q + 11*q - 60. Suppose -2*g - q = -6*g. What is the remainder when 18 is divided by g?
3
Let b(o) = -5*o**2 - 4 - 11*o**2 + o + 7*o**2 + o**3 - 9*o**2. What is the remainder when b(18) is divided by 4?
2
Suppose -340 = -4*z - 3*n, 5*z = -5*n + 68 + 362. Let t = z - 59. What is the remainder when 88 is divided by t?
19
Let t = -1 - 2. Let l = t + 5. What is the remainder when (-4)/(-16) + (-19)/(-4) is divided by l?
1
Let c(v) = -v**3 - 4*v**2 + 3*v - 7. Suppose 3*m - i - 66 = 8, 2*i = m - 28. Calculate the remainder when c(-6) is divided by m.
23
Let h = 38 + -53. Let y be (10/h)/((-6)/63). Suppose 9*k = y*k + 10. What is the remainder when k is divided by 3?
2
Suppose 3*r + 3*u = r + 264, -r + 132 = 5*u. Let w = -117 + r. Calculate the remainder when 103 is divided by w.
13
Suppose 4 = c - 207. Suppose 24*d - 664 = 608. Calculate the remainder when c is divided by d.
52
Suppose 858 - 438 = 10*n. What is the remainder when 205 is divided by n?
37
Suppose -4*k - 40 = -4*f, -k - 50 = -4*f - 2*k. What is the remainder when 115/(-10)*(9 - 13) is divided by f?
10
Suppose k - 44 = -0. Let q = 8 - k. Calculate the remainder when ((-18)/8)/(3/q) is divided by 10.
7
Suppose -3*o + 2*n + 14 = 0, 2*n + 1 + 17 = 4*o. Let j = 67 + o. What is the remainder when j is divided by 8?
7
Let d = 36 - 36. Suppose -4*o - q = -d*q - 66, 4*o - 62 = q. Calculate the remainder when 24 is divided by o.
8
Suppose 2*m + 106 = z, 5*m + 515 = -2*z + 7*z. What is the remainder when 595 is divided by z?
95
Suppose -6*x + 5*x = -5. Suppose -269 - 161 = -x*s. What is the remainder when s is divided by 29?
28
Let r = 459 - 396. Calculate the remainder when r is divided by 10.
3
Let l be (-43)/(0 - (-10)/(-3) - -3). Suppose -7*q + 4 = -l. Calculate the remainder when 111 is divided by q.
16
Calculate the remainder when 123 is divided by 12 + (5 - 7) + (-2 - 0).
3
Let f(i) = -7*i - 101. Calculate the remainder when f(-20) is divided by 255/18 + (-2)/12.
11
Let i = -16 + 1. Let j = i + 17. Calculate the remainder when 3 is divided by j.
1
Suppose -18*b = -15*b - 15. Suppose b*c - 156 = 3*c. Calculate the remainder when c is divided by 25 - 7 - 2*-1.
18
Suppose -17*s = -10*s - 14. What is the remainder when 93*(-1)/s*(-4)/6 is divided by 18?
13
Suppose k = -k + 56. Let c(f) = f - f**3 - 5*f**2 + 4 - 3*f + 5*f. Calculate the remainder when c(-7) is divided by k.
25
Suppose -n + 21*m + 64 = 18*m, 5*m - 40 = -n. What is the remainder when 164 is divided by n?
54
Let q(n) = -n**3 + 46*n**2 + 93*n + 179. What is the remainder when 206 is divided by q(48)?
31
Let d = -314 - -332. What is the remainder when 158 is divided by d?
14
Let i(m) be the first derivative of m**4/4 + 3*m**3 + 6*m**2 + 14*m - 2. Calculate the remainder when i(-7) is divided by 11.
6
Let w = -59 + 67. Suppose 3*g - 60 + 15 = 0. Calculate the remainder when g is divided by w.
7
Let s = 25 + 66. Calculate the remainder when s is divided by ((-8)/12)/((-1)/36).
19
Let b = 13 + 13. Let m be 4 - (65 + (-2 - (-3 + 0))). Calculate the remainder when b is divided by (1 + m/6)*(-24)/16.
12
Let m = 376 + -304. What is the remainder when m is divided by 20?
12
Suppose 4*q + 8 = -5*a + 10*a, 0 = -5*a + 2*q + 14. Let d = 2 + 0. Suppose 20 = d*w - 10. Calculate the remainder when w is divided by a.
3
Let h = -4 + 15. Suppose -2*p 